. Suppose r*s = -s + d. What is the greatest common factor of s and 7?
7
Suppose 14 = -i + 3*i. Suppose -i = -3*z - 2*r, -3*z + z + 5*r = 8. Let g be z/(-3) - (-185)/15. Calculate the highest common divisor of 84 and g.
12
Let i be -2 + (-8)/4 + 38. Calculate the highest common factor of i and 17.
17
Suppose -20*c = -25*c + 495. Let w = -59 + c. Calculate the highest common factor of 10 and w.
10
Let o(j) = -2 - 2 + j + 3*j - 3*j. Let i be o(8). Suppose i = 4*f - 16. What is the greatest common divisor of 35 and f?
5
Let u(q) = q + 16. Let m be (-2)/(-4)*0/(-6). Let g be u(m). What is the highest common divisor of g and 64?
16
Let g(k) = k + 1. Let z be g(-9). Let t = 18 + z. What is the highest common divisor of 90 and t?
10
Suppose 270 = 4*v - 114. Let f = v + -324. Let y be (-2)/3 - f/18. Calculate the greatest common divisor of y and 2.
2
Let h(v) = v**3 + v + 24. Let z be h(0). Let f = z + -11. Let w(l) = -12*l - 39. Let y be w(-13). What is the greatest common divisor of y and f?
13
Suppose -10 = -3*s + 26. Calculate the greatest common divisor of 30 and s.
6
Let n be 9/36 - (-62)/8. What is the highest common divisor of n and 72?
8
Let s(f) = 15*f - 3. Let m = 5 - 2. Let a be s(m). What is the greatest common factor of 21 and a?
21
Let n(j) = -j**3 + 5*j**2 + 2*j - 5. Let f be n(5). Calculate the greatest common factor of 5 and f.
5
Suppose 90 = -2*o + 5*o. What is the highest common factor of o and 50?
10
Suppose -3*b + 702 = -0*b. Suppose -2*i - 3*i + 630 = 0. Let z = b - i. What is the greatest common divisor of z and 12?
12
Let q be (-1)/(1 - 9/6). Calculate the greatest common divisor of 3 and q.
1
Let c = -8 + 17. Let i be (12/(-8))/(c/(-96)). Suppose 2*b = -2*x + 22, -3*x + 44 = -4*b + 123. Calculate the highest common factor of i and b.
16
Let f = 91 - 55. Let q be 2 + 1 + -3 + 2. Let l(j) = j**2 + j - 2. Let p be l(q). What is the highest common factor of f and p?
4
Let a(v) = -3 + v**3 - 3 + v**2 + 4. Let t = 14 + -12. Let q be a(t). Calculate the greatest common divisor of 15 and q.
5
Let m be -3 - (6*2/4 + -41). Calculate the highest common factor of 35 and m.
35
Let m = -200 - -36. Let l = 244 + m. Calculate the highest common factor of l and 10.
10
Suppose -3*r = -4*t - 11 + 156, -135 = -4*t + 5*r. Calculate the greatest common factor of t and 10.
10
Suppose 3*v = 5*u - 31, -4*v = -5*u + 2*u + 34. Let t(b) = 3*b**2 - 6*b + 9. Let f be t(v). What is the highest common factor of 18 and f?
18
Let l be (-129)/3 - (-4)/(-2). Let g = l + 87. Calculate the highest common factor of g and 14.
14
Let w be 4/(((-10)/3)/(-5)). Suppose w*f - 2*f - 40 = 0. What is the highest common factor of f and 10?
10
Let c = -197 - -287. Let p = 6 + -16. Let d = p + 20. What is the greatest common divisor of c and d?
10
Let f = 5 - 4. Let i(o) = -1 - 13*o - f - o. Let z be i(-8). What is the greatest common factor of z and 10?
10
Suppose -7*l - 360 = -10*l. What is the highest common divisor of 48 and l?
24
Let i = 4 - 2. Suppose i*c - 1 = -13. Let n be (-2)/(-4) + (-591)/c. Calculate the greatest common factor of 11 and n.
11
Let z = -10 - -26. Calculate the highest common divisor of z and 40.
8
Suppose 4*a = 5*i - 425 - 612, 0 = -4*i + 2*a + 832. What is the greatest common factor of i and 19?
19
Let g be -3 + (-3 - -2)*2. Let y(f) = f**2 - f - 7. Let l be y(g). Calculate the highest common divisor of 92 and l.
23
Suppose 5*f = 7*f. Let c = f - -56. Calculate the greatest common divisor of 8 and c.
8
Suppose 0*g - 4*f + 42 = g, -3*g = -2*f - 154. Let t(x) = x. Let v be t(2). Let r be 22 + (2 - (v + 2)). What is the highest common factor of g and r?
10
Let p be (3 + 1)*45/10. Suppose 2*i - 4*i = -p. What is the highest common factor of i and 9?
9
Let p = 1088 + -728. Suppose 2*s = -0*g - 4*g + 288, 5*s = -5*g + p. Let m be (2/3)/(2/g). Calculate the highest common divisor of 8 and m.
8
Let l = 60 - 20. Suppose f = -3*x + 45, x + f = 2*x - 19. Let b = x - 11. Calculate the highest common divisor of l and b.
5
Let y be (-219)/(-21) + 96/(-28) + 4. What is the greatest common factor of y and 99?
11
Let d = 7 + -9. Let h be (17 - 1) + d/(-1). Calculate the greatest common divisor of 9 and h.
9
Suppose -3*g = 3*q - 42, 15 + 5 = 2*q - 2*g. Let u = 169 - 121. What is the highest common divisor of q and u?
12
Let s be (-22)/44 - (-962)/4. Calculate the greatest common divisor of 30 and s.
30
Let n = 14 + -4. What is the greatest common divisor of 10 and n?
10
Let t be ((-16)/(-10)*-4)/(6/(-15)). Calculate the highest common divisor of t and 128.
16
Let m = 63 + -53. Let y be -7 - (-2 + 1 + 0). Let k(f) = f**2 - f + 8. Let c be k(y). What is the highest common divisor of c and m?
10
Suppose 5*s = -s + 630. What is the highest common factor of 15 and s?
15
Let l be 33/(3/15*(-30)/(-8)). What is the greatest common factor of 11 and l?
11
Let k(j) = -j**2 + 11*j - 8. Let o be k(7). Suppose -z - z + o = 0. What is the highest common divisor of z and 10?
10
Let t(q) = q**2 + 4*q. Let r be ((-12)/(-10))/(9/(-30)). Let s be t(r). Let y(h) = h + 21. Let k be y(s). What is the highest common factor of 7 and k?
7
Let f be (-1 + 1 - -3) + 15. Let s = 4 - 6. Let d be (49/(-2) + 2)*s. Calculate the greatest common divisor of f and d.
9
Suppose 100 = -4*m + 856. Calculate the greatest common divisor of 21 and m.
21
Suppose 5*y = 5*x - 2*x + 85, x - 9 = -y. Let v(o) = -o + 35. Let i be v(0). Calculate the highest common factor of i and y.
7
Suppose -2*s - 24 = m, 3*s + 5*m + 38 = 3*m. Let x(g) = -g**3 - 11*g**2 - 12*g - 12. Let z be x(s). Calculate the highest common factor of 88 and z.
8
Let g(k) = 4*k**3 - k**2 + k. Let l be g(1). Let x = 6 - l. Suppose -x*o - r = -237, -5*o - r - 382 = -982. What is the greatest common divisor of 11 and o?
11
Suppose -7*x = -6*x - 8. Let g be (-244)/(-6) + 2/(-3). What is the greatest common factor of g and x?
8
Let p(k) = -k - 6. Let t be p(-6). Suppose -2*z - 2*z + 12 = 2*m, 2*z + 5*m - 6 = t. Calculate the greatest common divisor of z and 12.
3
Suppose 4*g + 5*v + 28 = 0, 0 = -0*v - 2*v + 8. Let z = 0 - g. Suppose 0 = 2*b - z. Calculate the greatest common divisor of b and 2.
2
Let q(g) = -19*g + 16. Let l be q(-8). Suppose 15*x = 11*x + l. Suppose -2*c - 4*w = -24 - 20, 2*c - 71 = 5*w. What is the greatest common factor of c and x?
14
Suppose -9*k = -3*k - 120. Calculate the highest common factor of k and 5.
5
Suppose 0*q - 4*q = -792. Calculate the greatest common divisor of 22 and q.
22
Suppose 13 + 31 = 2*f. Suppose -5*u - 2*o = -40 - f, o - 24 = -2*u. Calculate the greatest common factor of 21 and u.
7
Suppose 6 = 5*s - 3*s. Calculate the highest common divisor of s and 24.
3
Let u be (-4)/(1 + 16/(-14)). Let p = u + 76. Suppose -3*d + 43 = 4. What is the greatest common divisor of d and p?
13
Suppose -68 = -0*y - 5*y + t, 0 = -2*y - t + 30. What is the highest common divisor of y and 7?
7
Let f = 27 - -13. What is the highest common factor of 10 and f?
10
Let d be (-23 + 3)/5 + 82*4. Calculate the highest common factor of 36 and d.
36
Suppose 62 = 5*t - 23. Suppose -5*m + m - 36 = -4*s, m + t = 3*s. Let k = 9 + m. Calculate the highest common factor of 44 and k.
4
Let o(m) = 6*m**2 + 10*m. Let c be o(-7). Let d = c - 128. Let z = 4 + 8. Calculate the greatest common factor of z and d.
12
Suppose -w = -3*w - 38. Let r = -2 - w. Let l be (-6)/15 - (-87)/5. What is the highest common factor of r and l?
17
Let s = 41 - 5. Calculate the greatest common factor of s and 54.
18
Suppose 3 = -5*p + 23. Let y be (-1)/p + 74/8. Suppose -18 = -5*c + 3*c. What is the greatest common factor of c and y?
9
Let r(n) = -3. Let b(f) = f - 4. Suppose x - 3 + 0 = 0. Let a(h) = x*b(h) - 4*r(h). Let k be a(6). What is the highest common factor of 12 and k?
6
Let a(o) = -o**3 + 10*o**2 + 11*o + 10. Suppose -3*x - 7 - 2 = 0. Let h be 4*5*x/(-6). Let i be a(h). Calculate the greatest common factor of 15 and i.
15
Let z = 14 + -11. Suppose -f - z*f = -112. What is the highest common factor of f and 42?
14
Let l = 65 + -41. Suppose 1 = -v + 36. Let n = v + -23. Calculate the greatest common divisor of l and n.
12
Let d be 5 + (1 + 1)*-1. Let z be 747/21 - 6/(-14). Suppose d*k - 2*x + 6*x = 52, 0 = 4*k - 3*x - z. What is the highest common divisor of